usands digit of k?
1
What is the hundreds digit of 291*(-4)/18*315/(-2)?
1
Suppose 9*t - 13*t = 5*d + 286, -20 = 5*t. What is the units digit of 42692/117 + 2/d*-3?
5
What is the thousands digit of (194460 + 0)/6 + (-3 + 0)/(-3)?
2
Let x be -6 + 3 - -2 - -1717. Suppose 3*a - d = a + x, 3*a - 3*d = 2571. What is the hundreds digit of a?
8
Let u(m) = 1250*m**3 - 23*m**2 + 46*m + 40. What is the thousands digit of u(3)?
3
Let a(q) = 2*q**2 + 2*q - 3. Let f be a(-2). What is the units digit of f + -6 + 174 + 4?
3
Suppose -s = -2*r - 3*r + 25, 2*r = 10. Suppose p - 2*y = 58 - 453, -2*p - 2*y - 820 = s. Let n = p - -689. What is the tens digit of n?
8
Let h = -387 + 392. Suppose 3*z + d = 5*z - 1573, 2*z - 1569 = h*d. What is the units digit of z?
7
What is the hundreds digit of (5/(-2) + -1)*(-31816)/287?
3
Suppose -z + 6 = 0, 0 = 1873*h - 1877*h - 2*z + 1228. What is the units digit of h?
4
Suppose -3*d = 6, -h - h + 4418 = 2*d. What is the units digit of h?
1
Suppose 5*s + w + 2*w = 667, 5*s + w - 669 = 0. Suppose 11*k - s = 75. Suppose 3*p - k - 302 = 0. What is the hundreds digit of p?
1
Let k(m) = -2972*m + 2300. What is the thousands digit of k(-10)?
2
What is the thousands digit of (35520/(-128))/(3/(-40))?
3
Suppose -2*o + 16 = 2*o. What is the hundreds digit of -1 - -294 - (o - (3 + 4))?
2
Let f be 8 - (-60 - (1 + -10)). Suppose v + f = 146. What is the units digit of v?
7
Suppose 25 = 2*y - 11. Let n be -4 + ((-7)/(-2) - (-90)/(-36)). What is the units digit of 3*(-112)/y*n?
6
Let d(f) = -f**3 - 2*f**2 + 6*f + 5. Let c be d(-3). What is the tens digit of 7456/(-8)*(c - -3)?
3
Let z = 3817 - -6979. What is the tens digit of z?
9
Let m(q) = -8*q**3 - q**2 - q. Let t be (-136)/(-22) + (-12)/66. Let y(n) = -n**3 + 6*n**2 - n + 5. Let f be y(t). What is the units digit of m(f)?
8
Let p = -313 - -313. Let r(l) = -l**2 - 2*l + 458. What is the tens digit of r(p)?
5
What is the units digit of ((-1974480)/(-360))/((-2)/(18/(-3) + 3))?
7
Let c(z) = 73*z + 59. Suppose -4*j = 3*t - 20, -3 - 3 = -2*t + j. What is the tens digit of c(t)?
5
Suppose -c + 4*z + 17 = 0, z + 1 = -2*c - 1. Let w(o) = 61*o**3 - 2*o**2 + 5*o - 2. What is the tens digit of w(c)?
6
Let v(m) = 33 - 3*m + 0 - 4. Let b be v(4). What is the tens digit of 44/1*(b/2 - 5)?
5
Let q = 11 + -21. Let r be (-1944)/15 + 4/q. Let u = 220 + r. What is the tens digit of u?
9
Let z(m) = 401*m - 3180. What is the hundreds digit of z(109)?
5
Let g be 12/(-15) + 14/5. Suppose 6 - 8 = -g*l. What is the tens digit of l/(((-12)/260)/(-3))?
6
Suppose 98*n - 76*n - 236544 = 0. What is the hundreds digit of n?
7
Let h = 1860 - -5931. What is the hundreds digit of h?
7
Let u(j) = 11*j**2 - j. Let m be u(-1). What is the tens digit of (m/5)/6 - 13548/(-30)?
5
Suppose -10 = 2*u, -3*u - 25 = -z - 6. Suppose 5*s + 20 = -5*r, s + z*r = -2*s - 14. What is the units digit of (-1)/s*-94*-1?
7
Suppose -3*a + 3*l = 6*l - 33, -5*a + 27 = -2*l. Let p be (3 - (-96)/3)*6/a. Suppose p*u - 25*u = 15. What is the units digit of u?
3
Suppose 9*y - 21898 - 8099 = 0. What is the units digit of y?
3
What is the thousands digit of 9/(-2)*80230/(-113)?
3
What is the thousands digit of (38/(-10) + 4)/(-1) + 227104/20?
1
Let m(c) = -c**2 + c + 2. Let y be m(0). What is the units digit of (231/(-14))/((-1)/y)?
3
Let y(g) = -15*g**2 + g + 1. Let l(i) = -30*i**2 + 2*i + 2. Let s(c) = 2*l(c) - 5*y(c). What is the units digit of s(2)?
7
Let s = -5311 - -8863. What is the tens digit of s?
5
Let p = 1024 - 436. Suppose -2*d + 402 = 7*o - 3*o, 3*d = -3*o + p. What is the hundreds digit of d?
1
Let v = -3391 - -4768. Suppose 4*h - 2769 = -5*o, 11*h - 9*h = -o + v. What is the hundreds digit of h?
6
What is the thousands digit of (-14)/(-4) + (-154301)/(-14) + -2?
1
Let n be ((-4)/(-6)*-9)/(-2). Suppose -n*z = -8*z + 405. Let g = z - 0. What is the units digit of g?
1
Let z(k) = 32*k**2 - 26*k - 10. Let o(g) = 21*g**2 - 17*g - 7. Let c(j) = -7*o(j) + 5*z(j). What is the hundreds digit of c(4)?
1
Let h(c) = 7*c + 7. Let a(r) = -6*r - 8. Let w(o) = -5*a(o) - 4*h(o). Let k be w(-3). Suppose k*z = z + 35. What is the units digit of z?
7
Let g(b) = 3437*b - 1856. What is the hundreds digit of g(15)?
6
Let k = 190 - 176. Suppose -k*g + 47397 = 23*g. What is the tens digit of g?
8
Suppose -2*q - 35 = -39. Suppose q*g = 53 + 195. What is the units digit of g?
4
Let t(f) be the third derivative of f**4/4 - 7*f**3/6 + f**2 + 229*f. Let o(v) = -v**3 - 8*v**2 - 9*v - 8. Let a be o(-7). What is the units digit of t(a)?
9
Let a(p) = -1663*p - 102. Let i be a(-4). Suppose 7*b - i = 1542. What is the thousands digit of b?
1
Let b be -9 + (11 - (4 - 1)). What is the hundreds digit of (0 - b)/((-116312)/(-8946) + -13)?
6
Let h be (168/(-20))/(4/20). What is the tens digit of (-60654)/(-77) - (-3)/h*-4?
8
What is the tens digit of (-1)/(-3) - (-2324398)/213?
1
Let n(k) = -41*k**2 - 7*k - 3. Let s be n(-6). Let f be (s/12)/((-3)/12). Let b = -310 + f. What is the units digit of b?
9
Let c = -13182 + 26305. What is the hundreds digit of c?
1
Let v(k) = 3*k**2 - 4*k + 39. Let w be v(0). Let a = 43 - w. Suppose 3*s + 0*z - 736 = 5*z, a*z + 243 = s. What is the units digit of s?
7
Suppose -j + 0*j = 3*k - 175681, 0 = 5*k + 5*j - 292805. What is the hundreds digit of k?
5
Let t(r) = 13*r**3 - 8*r**2 - 4*r + 10. What is the units digit of t(4)?
8
Let o(q) = 4*q + 98. Let w be o(-24). What is the hundreds digit of (-4)/w*(-3129)/14?
4
Suppose -75408 - 247875 = -39*q + 642006. What is the units digit of q?
1
Let a(u) = 3*u**2 + 20*u - 3. Let b be a(-7). Suppose 4*n + 5*q - 351 = 0, b*n + 5*q = q + 356. What is the tens digit of n?
9
Let o(t) = 2*t**3 - 82*t**2 + 11*t + 1538. What is the thousands digit of o(50)?
7
Suppose 2*s = -4*l - 11 - 7, 0 = 3*l + 3*s + 9. What is the hundreds digit of (l/30 - (-1246)/5)*1?
2
Let j(s) = -258*s + 717. What is the thousands digit of j(-17)?
5
Suppose 0 = -48*i - 295*i + 10239951 + 808765. What is the thousands digit of i?
2
Suppose -9*q + 1695 = -3039. Suppose -q + 3382 = 6*w. What is the hundreds digit of w?
4
Let l(j) = 5*j**2 + 20*j + 8. What is the tens digit of l(-21)?
9
Let s be (-21)/((-42)/100)*(-2)/(-4). What is the units digit of s/50 + 1965/6?
8
Suppose -8 = 2*x - 3*s, 4*x - 6*s + 8 = -2*s. Suppose -i + 4*m - 481 + 1269 = 0, -x*m - 3976 = -5*i. What is the tens digit of i?
9
Suppose 0 = 5*u, 5*o + 4*u = 3*o. Suppose -3 = n - o. What is the units digit of n - (-9)/3 - (-4 + -88)?
2
Let x = 5735 - 1546. What is the thousands digit of x?
4
Let q be 1/(-3) + (-149575)/(-93). Let w = q + -1088. What is the tens digit of w?
2
Let o = -74 - 42. Let w = 338 + o. What is the units digit of w?
2
Suppose 20 = 4*f, 0 = -4*c + 2*c - 4*f + 748. What is the tens digit of c/(-6)*(243/18)/(-9)?
9
Suppose 3*p + x = 28, -2*p - 3*x = -p - 12. Suppose 1300 = -5*o + p*o. Suppose 2*j - 5*j = -5*u + 527, -o = -3*u + 4*j. What is the units digit of u?
3
Suppose -380982 = -228*q + 9974948 + 6419854. What is the ten thousands digit of q?
7
Let z be (-1 + -2)/((-27)/18). Let j(a) = 3*a**3 - 4*a + 3. Let i be j(z). Suppose i*m - 3075 = 4*m. What is the tens digit of m?
0
Let n be (-6)/27 - 3*(-4)/54. Suppose 0 = r + 2*f - 7, 3*r - 2*r - 5*f = n. Suppose -4*a = 8, 2*m - 5*a = r*m - 479. What is the units digit of m?
3
Let j(r) = -r**2 - 29*r + 45. Let w be j(-30). Suppose 2*s + 13*f - w*f = 1746, -5*s + 4359 = -2*f. What is the tens digit of s?
7
Suppose -2*j - 148 = -2*d, -d - 2*d = -5*j - 220. Suppose 13*b - 2456 = 950. Let y = b - d. What is the tens digit of y?
8
Let y be 388/14 + (-21)/((-1617)/22). What is the units digit of (10/(-35))/((-24)/y)*978?
6
Let m(w) = 7*w + 44. Let t be m(-6). Suppose -3*j - 308 = -t*j. What is the hundreds digit of (10/8)/((-2)/(j - -4))?
1
Let x be (-72)/60 - (-10776)/5. Suppose -5*w + 3*k + 3590 = 0, -12*w - 5*k + x = -9*w. What is the units digit of w?
8
Suppose f = -2*k - 0*k - 21, 60 = -5*k - 4*f. Let t = 20 - -7. Let y = k + t. What is the units digit of y?
9
Let x be 3280/12 + 4/(-12) + -1. Let c = 445 - x. What is the hundreds digit of c?
1
Let a = 21911 - 8585. What is the hundreds digit of a?
3
Suppose 0 = 2*n + 102*n - 478211 - 151821. What is the thousands digit of n?
6
Let g = 4443 + 1428. Suppos